f 2840478961?
2
What is the thousands digit of 2744831739?
1
What is the units digit of 92983465?
5
What is the millions digit of 16021833?
6
What is the units digit of 47145632?
2
What is the hundreds digit of 384537902?
9
What is the units digit of 1585891904?
4
What is the tens digit of 742234974?
7
What is the hundreds digit of 6557202057?
0
What is the units digit of 5640439329?
9
What is the units digit of 5237647129?
9
What is the units digit of 200350343?
3
What is the millions digit of 3427373?
3
What is the millions digit of 68700186?
8
What is the units digit of 92348489?
9
What is the hundred thousands digit of 31201497?
2
What is the units digit of 3367381357?
7
What is the ten millions digit of 84680119?
8
What is the ten thousands digit of 36732227?
3
What is the hundreds digit of 226608887?
8
What is the billions digit of 4416196703?
4
What is the ten millions digit of 80578666?
8
What is the units digit of 797910?
0
What is the thousands digit of 162189949?
9
What is the millions digit of 69194243?
9
What is the ten thousands digit of 87593449?
9
What is the hundreds digit of 304359390?
3
What is the hundred thousands digit of 1608997656?
9
What is the millions digit of 7845645358?
5
What is the hundred thousands digit of 109926246?
9
What is the ten thousands digit of 404861285?
6
What is the hundreds digit of 274250221?
2
What is the hundreds digit of 130855409?
4
What is the billions digit of 1150925219?
1
What is the hundred millions digit of 309235357?
3
What is the ten millions digit of 103750896?
0
What is the ten millions digit of 953474039?
5
What is the units digit of 1381359200?
0
What is the ten thousands digit of 24415538?
1
What is the ten millions digit of 15968540?
1
What is the ten millions digit of 558588814?
5
What is the hundred millions digit of 269517917?
2
What is the ten thousands digit of 149367240?
6
What is the hundreds digit of 72163595?
5
What is the hundred thousands digit of 284179330?
1
What is the ten millions digit of 56826945?
5
What is the ten thousands digit of 103196694?
9
What is the hundred thousands digit of 363162391?
1
What is the thousands digit of 1439177362?
7
What is the units digit of 343673703?
3
What is the millions digit of 69149778?
9
What is the hundreds digit of 154204893?
8
What is the ten millions digit of 178186088?
7
What is the tens digit of 49592384?
8
What is the hundred thousands digit of 98754259?
7
What is the millions digit of 24195556?
4
What is the ten thousands digit of 47092258?
9
What is the tens digit of 4184130846?
4
What is the hundred thousands digit of 653644711?
6
What is the ten millions digit of 186367855?
8
What is the hundreds digit of 44799544?
5
What is the tens digit of 40711872?
7
What is the tens digit of 113237281?
8
What is the hundred thousands digit of 31377801?
3
What is the tens digit of 184313885?
8
What is the tens digit of 313212539?
3
What is the tens digit of 45161698?
9
What is the hundred thousands digit of 66992847?
9
What is the hundred thousands digit of 7814489?
8
What is the ten millions digit of 51183857?
5
What is the billions digit of 4333793659?
4
What is the hundreds digit of 4857823662?
6
What is the units digit of 25717067?
7
What is the millions digit of 11909414?
1
What is the ten thousands digit of 1935489318?
8
What is the hundred thousands digit of 118846307?
8
What is the thousands digit of 2535306750?
6
What is the hundred thousands digit of 21052733?
0
What is the tens digit of 756849791?
9
What is the ten millions digit of 272062653?
7
What is the thousands digit of 1049120825?
0
What is the ten thousands digit of 1425575499?
7
What is the tens digit of 64704007?
0
What is the tens digit of 165883181?
8
What is the millions digit of 711732927?
1
What is the hundreds digit of 1942126514?
5
What is the millions digit of 198990950?
8
What is the hundreds digit of 68776129?
1
What is the hundreds digit of 588750934?
9
What is the ten thousands digit of 368126523?
2
What is the ten millions digit of 399996103?
9
What is the hundreds digit of 193863047?
0
What is the ten millions digit of 1759242681?
5
What is the millions digit of 28420575?
8
What is the thousands digit of 30439230?
9
What is the millions digit of 601738612?
1
What is the tens digit of 4608066759?
5
What is the millions digit of 6625802077?
5
What is the millions digit of 54929617?
4
What is the tens digit of 104263280?
8
What is the ten millions digit of 40254805?
4
What is the hundred millions digit of 603232928?
6
What is the hundred thousands digit of 15083464?
0
What is the units digit of 7896601?
1
What is the units digit of 1081226242?
2
What is the ten thousands digit of 26461007?
6
What is the hundred thousands digit of 33011933?
0
What is the ten thousands digit of 327555114?
5
What is the tens digit of 2977656979?
7
What is the ten millions digit of 1334829016?
3
What is the ten millions digit of 758345473?
5
What is the tens digit of 158399514?
1
What is the tens digit of 259471674?
7
What is the ten thousands digit of 72287312?
8
What is the millions digit of 6128657914?
8
What is the ten thousands digit of 1278382034?
8
What is the hundreds digit of 1349253654?
6
What is the thousands digit of 1494405183?
5
What is the billions digit of 2054105343?
2
What is the units digit of 146922579?
9
What is the hundred millions digit of 311010335?
3
What is the hundred thousands digit of 46526945?
5
What is the ten millions digit of 7498697219?
9
What is the millions digit of 3032954974?
2
What is the hundred millions digit of 1662345022?
6
What is the ten thousands digit of 151032995?
3
What is the ten millions digit of 128456313?
2
What is the hundred thousands digit of 3921559644?
5
What is the units digit of 708088705?
5
What is the millions digit of 551269530?
1
What is the units digit of 57067781?
1
What is the tens digit of 467021540?
4
What is the hundreds digit of 508021542?
5
What is the thousands digit of 217536196?
6
What is the hundreds digit of 3079904982?
9
What is the millions digit of 13169589?
3
What is the ten millions digit of 580064377?
8
What is the ten millions digit of 114153962?
1
What is the ten thousands digit of 1339126839?
2
What is the thousands digit of 39617169?
7
What is the millions digit of 413064537?
3
What is the ten thousands digit of 43615145?
1
What is the thousands digit of 704393078?
3
What is the ten thousands digit of 1019002697?
0
What is the hundreds digit of 319561216?
2
What is the tens digit of 1371958243?
4
What is the ten millions digit of 512415681?
1
What is the ten thousands digit of 68441691?
4
What is the ten thousands digit of 30802632?
0
What is the hundred thousands digit of 3042150854?
1
What is the millions digit of 609015497?
9
What is the ten millions digit of 178254516?
7
What is the hundred thousands digit of 434594985?
5
What is the hundred thousands digit of 49731516?
7
What is the millions digit of 49677646?
9
What is the hundred thousands digit of 83356153?
3
What is the thousands digit of 61550947?
0
What is the units digit of 61992329?
9
What is the thousands digit of 235302643?
2
What is the millions digit of 141901104?
1
What is the hundreds digit of 565676686?
6
What is the hundred millions digit of 146579067?
1
What is the units digit of 28929252?
2
What is the units digit of 141124053?
3
What is the millions digit of 201152521?
1
What is the hundreds digit of 6593667189?
1
What is the hundreds digit of 34958837?
8
What is the ten millions digit of 32987749?
3
What is the tens digit of 2811040747?
4
What is the hundreds digit of 624973180?
1
What is the hundred thousands digit of 3177974689?
9
What is the thousands digit of 623875341?
5
What is the hundred thousands digit of 212512262?
5
What is the ten thousands digit of 639632158?
3
What is the hundred thousands digit of 1544233676?
2
What is the hundred thousands digit of 1769123010?
1
What is the ten millions digit of 16519140?
1
What is the millions digit of 7755521?
7
What is the units digit of 677714735?
5
What is the units digit of 3150251246?
6
What is the units digit of 380013621?
1
What is the ten millions digit of 497577191?
9
What is the millions digit of 69236706?
9
What is the millions digit of 540921